e remainder when 53118 is divided by 17704?
6
Calculate the remainder when 788 is divided by 785.
3
What is the remainder when 13745 is divided by 417?
401
Calculate the remainder when 4080444 is divided by 239.
236
Calculate the remainder when 4170083 is divided by 185.
183
Calculate the remainder when 2197 is divided by 46.
35
What is the remainder when 1109 is divided by 164?
125
Calculate the remainder when 3752 is divided by 1721.
310
Calculate the remainder when 37906 is divided by 108.
106
What is the remainder when 2758 is divided by 679?
42
What is the remainder when 3047 is divided by 115?
57
What is the remainder when 548562 is divided by 44?
14
Calculate the remainder when 28673 is divided by 33.
29
Calculate the remainder when 442738 is divided by 221311.
116
Calculate the remainder when 33085 is divided by 15.
10
Calculate the remainder when 466243 is divided by 39.
37
Calculate the remainder when 1665 is divided by 119.
118
What is the remainder when 5486 is divided by 524?
246
Calculate the remainder when 15977 is divided by 7979.
19
Calculate the remainder when 2625072 is divided by 135.
132
What is the remainder when 9025 is divided by 133?
114
What is the remainder when 2835 is divided by 1411?
13
Calculate the remainder when 1605 is divided by 1496.
109
Calculate the remainder when 13806 is divided by 341.
166
Calculate the remainder when 2398 is divided by 602.
592
Calculate the remainder when 679247 is divided by 22.
19
Calculate the remainder when 4591 is divided by 4590.
1
What is the remainder when 2346356 is divided by 586589?
0
What is the remainder when 14293 is divided by 14290?
3
What is the remainder when 2828 is divided by 565?
3
What is the remainder when 17005 is divided by 5585?
250
What is the remainder when 57397 is divided by 30?
7
Calculate the remainder when 14767 is divided by 4919.
10
Calculate the remainder when 1050 is divided by 226.
146
Calculate the remainder when 107399 is divided by 263.
95
What is the remainder when 307 is divided by 153?
1
What is the remainder when 1726 is divided by 269?
112
Calculate the remainder when 792 is divided by 44.
0
Calculate the remainder when 25648 is divided by 39.
25
What is the remainder when 1461 is divided by 139?
71
What is the remainder when 50081 is divided by 144?
113
Calculate the remainder when 2213 is divided by 205.
163
Calculate the remainder when 294025 is divided by 782.
775
Calculate the remainder when 3212 is divided by 288.
44
Calculate the remainder when 40503 is divided by 13494.
21
Calculate the remainder when 65457 is divided by 20.
17
What is the remainder when 20583 is divided by 23?
21
What is the remainder when 287 is divided by 57?
2
What is the remainder when 1191417 is divided by 90?
87
Calculate the remainder when 33802 is divided by 380.
362
What is the remainder when 51675 is divided by 162?
159
Calculate the remainder when 1324850 is divided by 47.
14
What is the remainder when 5500 is divided by 438?
244
What is the remainder when 231 is divided by 64?
39
What is the remainder when 879 is divided by 203?
67
Calculate the remainder when 11038 is divided by 1424.
1070
What is the remainder when 1858 is divided by 219?
106
Calculate the remainder when 2758 is divided by 828.
274
Calculate the remainder when 10077 is divided by 32.
29
What is the remainder when 26468 is divided by 11?
2
What is the remainder when 6094 is divided by 6090?
4
Calculate the remainder when 58302 is divided by 33.
24
What is the remainder when 594998 is divided by 10?
8
What is the remainder when 107566 is divided by 498?
496
What is the remainder when 68581 is divided by 634?
109
Calculate the remainder when 1021928 is divided by 340638.
14
Calculate the remainder when 20892 is divided by 2972.
88
What is the remainder when 4804 is divided by 489?
403
What is the remainder when 103897 is divided by 343?
311
Calculate the remainder when 311594 is divided by 60.
14
Calculate the remainder when 8859 is divided by 277.
272
Calculate the remainder when 66060 is divided by 183.
180
What is the remainder when 187433 is divided by 78?
77
What is the remainder when 63510 is divided by 67?
61
Calculate the remainder when 80871 is divided by 449.
51
Calculate the remainder when 3643 is divided by 230.
193
Calculate the remainder when 944927 is divided by 13.
9
What is the remainder when 6169 is divided by 769?
17
Calculate the remainder when 1896 is divided by 370.
46
What is the remainder when 19487 is divided by 9604?
279
Calculate the remainder when 6438 is divided by 505.
378
What is the remainder when 8973 is divided by 407?
19
What is the remainder when 6346 is divided by 1749?
1099
What is the remainder when 40879 is divided by 7?
6
Calculate the remainder when 39335 is divided by 6.
5
What is the remainder when 4629 is divided by 59?
27
Calculate the remainder when 20331 is divided by 68.
67
What is the remainder when 145853 is divided by 187?
180
What is the remainder when 40673 is divided by 40658?
15
Calculate the remainder when 11023 is divided by 106.
105
Calculate the remainder when 85287 is divided by 493.
491
Calculate the remainder when 377347 is divided by 29.
28
What is the remainder when 4068411 is divided by 458?
455
Calculate the remainder when 21963 is divided by 1285.
118
What is the remainder when 7703 is divided by 405?
8
What is the remainder when 193191 is divided by 24147?
15
Calculate the remainder when 7994 is divided by 40.
34
What is the remainder when 1496 is divided by 659?
178
What is the remainder when 1734 is divided by 245?
19
What is the remainder when 44254 is divided by 5530?
14
Calculate the remainder when 16556 is divided by 5158.
1082
What is the remainder when 56399 is divided by 141?
140
What is the remainder when 1266 is divided by 368?
162
What is the remainder when 461 is divided by 229?
3
What is the remainder when 467 is divided by 288?
179
What is the remainder when 59016 is divided by 2810?
6
Calculate the remainder when 57035 is divided by 722.
719
Calculate the remainder when 117297 is divided by 91.
89
What is the remainder when 922 is divided by 296?
34
Calculate the remainder when 2261 is divided by 570.
551
Calculate the remainder when 49678 is divided by 47.
46
What is the remainder when 1523 is divided by 263?
208
What is the remainder when 3836 is divided by 1908?
20
Calculate the remainder when 9866 is divided by 1232.
10
What is the remainder when 39935 is divided by 19?
16
What is the remainder when 79956 is divided by 1356?
1308
What is the remainder when 7103 is divided by 56?
47
Calculate the remainder when 4763 is divided by 45.
38
What is the remainder when 285917 is divided by 32?
29
What is the remainder when 28798 is divided by 4107?
49
Calculate the remainder when 11561 is divided by 84.
53
Calculate the remainder when 109713 is divided by 291.
6
What is the remainder when 244395 is divided by 19?
17
What is the remainder when 177331 is divided by 35?
21
What is the remainder when 3085 is divided by 281?
275
What is the remainder when 904 is divided by 345?
214
What is the remainder when 171071 is divided by 71?
32
Calculate the remainder when 74589 is divided by 100.
89
Calculate the remainder when 242124 is divided by 259.
218
Calculate the remainder when 4059 is divided by 338.
3
What is the remainder when 9990 is divided by 227?
2
Calculate the remainder when 176896 is divided by 290.
286
Calculate the remainder when 16962 is divided by 124.
98
What is the remainder when 19729 is divided by 4450?
1929
Calculate the remainder when 114424 is divided by 311.
287
Calculate the remainder when 7844 is divided by 231.
221
Calculate the remainder when 496173 is divided by 166.
165
Calculate the remainder when 3534 is divided by 1128.
150
What is the remainder when 2445305 is divided by 37?
12
Calculate the remainder when 86018 is divided by 2.
0
Calculate the remainder when 10216 is divided by 202.
116
What is the remainder when 3767 is divided by 3503?
264
What is the remainder when 10352 is divided by 1290?
32
Calculate the remainder when 12304 is divided by 202.
184
Calculate the remainder when 306355 is divided by 7471.
44
Calculate the remainder when 21920 is divided by 80.
0
What is 